ose p = -3, -5*y - p + 118 = -h. Calculate the remainder when y is divided by z.
16
Suppose 1 = y + 12. Let t = 26 + y. Calculate the remainder when (-1 - -12)/(7/28) is divided by t.
14
Let f = -4 - -4. Suppose f - 20 = -4*x. What is the remainder when 19 is divided by x?
4
Let a(m) = 5*m**2 - 2*m - 1. Calculate the remainder when 44 is divided by a(-2).
21
What is the remainder when 59 is divided by 12 - -2 - (-2)/(-1)?
11
Suppose 4*b - 212 = -8. What is the remainder when b is divided by 6?
3
Let c(f) = -67*f - 2. Suppose -2*d - 60 = -2*b, -4*b + 50 = -2*d - 78. Calculate the remainder when c(-1) is divided by b.
31
Suppose -2*w = -13 - 47. Let r = -190 - -198. What is the remainder when w is divided by r?
6
Let n(h) = 4*h**3 + h**2 - h - 1. Suppose 5*u = -3*k + 19, -4*u - 2 = -3*k - 1. Suppose 20 = u*g + 6. What is the remainder when g is divided by n(1)?
1
Suppose -4*b = 3*a + 6, -3*b - 3*a = -6*a - 6. Suppose -7*j + 10*j - 99 = 0. Suppose b = -4*r + j + 7. What is the remainder when 19 is divided by r?
9
Let r(h) = 2*h**2 + h. Let p(f) = f**2 + f. Let x(m) = 7*p(m) - 3*r(m). Calculate the remainder when (-8)/(2 + -3 + 0) is divided by x(-5).
3
Let s = -53 - -98. Let x = 36 + -31. Suppose -5*t + s = -x. Calculate the remainder when t is divided by 4.
2
Let q(r) = -2*r**2 + 4*r - 2. Let h be q(3). Let j = h - -18. What is the remainder when 29 is divided by j?
9
Let w be (-7)/1*2/(-7). Suppose 15 = 4*m - 5. Suppose -w*q - 6 = -m*q. Calculate the remainder when q is divided by 1.
0
Let q(y) = -11*y + 9. What is the remainder when 120 is divided by q(-2)?
27
Suppose -2*u - 17 - 18 = -3*n, 3*n - 49 = -5*u. What is the remainder when 23 is divided by n?
10
Let o(d) = -d**3 - 5*d**2 + d - 7. Let t be (7/(-5))/(2/(-10)). Suppose -m - 5*i = -t, -50 + 13 = -3*m + i. Calculate the remainder when o(-6) is divided by m.
11
Suppose -4*c + 18 = 2*s, -2*c - 27 = -7*c + 2*s. Let u = -2 - -8. What is the remainder when (-3)/(-2)*(u - 0) is divided by c?
4
Suppose 19 = -3*t - 26. Calculate the remainder when 74 is divided by (-365)/t - (-4)/6.
24
Suppose -2*j + 50 = 2*u, -2*j = 3*j - 2*u - 132. Calculate the remainder when 74 is divided by j.
22
Suppose -4*b - 2 = 4*j - 2*b, -3*b + 15 = -3*j. What is the remainder when (j/4)/((-2)/188) is divided by 16?
15
Let b = -36 + 49. What is the remainder when 51 is divided by b?
12
Let j(c) = c**2 - 10*c - 9. Let h be j(-9). Let w = -98 + h. What is the remainder when w is divided by 12/(-96) + (-354)/(-16)?
20
Let j be 26/(-6) + 6/18. Suppose 0*l - 6 = 4*h + 2*l, -3*h + 5*l - 24 = 0. What is the remainder when 8 is divided by 6/j*10/h?
3
Let w(q) = -q - 4. Let r be w(-6). Suppose -d - r*d = -30. Calculate the remainder when d is divided by (-48)/(-40)*(-1 + -2 + 8).
4
Let y(t) = -t - 1. Let d = 1 + 9. Calculate the remainder when d is divided by y(-4).
1
Suppose 13 = -3*b + 4*b. Let c = b + -9. What is the remainder when c is divided by 3?
1
Suppose 155 = -p + 6*p. Suppose -3*k + p + 11 = 0. Calculate the remainder when -2*26/4*-2 is divided by k.
12
Let f = 1 - -3. Calculate the remainder when (30 + -1)/(-2 + 3) is divided by (2/f)/((-2)/(-40)).
9
Suppose -5*y + 0*y = -5*n + 5, -4*y - 36 = 4*n. Calculate the remainder when 102 is divided by 2/(-4*n/280).
32
Calculate the remainder when 11 is divided by (7/(-42) - (-10)/(-12)) + 11.
1
Let t(a) = 10*a - 6. Let g be t(4). Suppose -m + g + 7 = 0. What is the remainder when m is divided by 14?
13
Suppose 0 = 3*o - 16 - 17. Let b = o + 13. Calculate the remainder when b is divided by 13.
11
Suppose 2*h = -0*h + 12. What is the remainder when 15 is divided by h?
3
Let h(a) = a + 4. Let m be h(-2). Let n(c) = c**3 + 4*c - 3. Calculate the remainder when n(3) is divided by (30/(-4) - m)*-2.
17
Suppose 0*y - 50 = -2*y. Let d be ((-4)/10)/((-3)/15). Suppose d*z + i + 0*i - 14 = 0, 0 = z - 3*i - 21. Calculate the remainder when y is divided by z.
7
Let y = 2 + -3. Let q be (0/y - 1)*-9. Suppose 0 = 2*i + i - q. Calculate the remainder when 5 is divided by i.
2
Let j(k) = -8*k. What is the remainder when 239 is divided by j(-6)?
47
Let j(o) = -64*o**3 - 8*o**2 - 6*o + 1. Calculate the remainder when j(-1) is divided by 11.
8
Suppose -12 = -2*j - 2*j. Suppose -25 = -5*i, -21 - 69 = -5*n + j*i. Suppose 0*p + n = p. Calculate the remainder when p is divided by 11.
10
Let i(c) = -c**3 + 5*c**2 - c + 6. Let a be i(5). Let j be 0 + a - 1 - -2. What is the remainder when 33 is divided by 17 - (-2 + j - 0)?
16
Let m(u) = -23*u**3 + u**2 + 2*u + 1. Let z(h) = h**2 - 1. Let k be z(2). Suppose 5 = -k*d + 2. What is the remainder when 68 is divided by m(d)?
22
Let k(x) = -13*x**3 + x**2 + 2*x + 2. Let f be k(-2). Let n = f + -33. Calculate the remainder when n is divided by 19.
16
Suppose 39 = u - 19. Suppose -11*v - 75 = -16*v. What is the remainder when u is divided by v?
13
Suppose o = 4*o - 6. Suppose 0 = o*t + 6 - 14. Suppose -2*a - 4*m = t, -5*m - 33 = -a - 0*a. Calculate the remainder when a is divided by 3.
2
Let w = 6 + 6. What is the remainder when 21 is divided by w?
9
Let i(p) = p**2 + 9*p - 27. Calculate the remainder when 35 is divided by i(-12).
8
Let h be 6/(-3)*(-6)/2. Let j be 6/4*8/h. What is the remainder when 10 is divided by (-6)/(-12) - (-7)/j?
2
Suppose 0 = n - 2 - 8. Let v(q) = -q - 4. Let a be v(-4). Suppose a = -h, 56 = 2*y + 3*h - 0*h. Calculate the remainder when y is divided by n.
8
Suppose 3*c - 2*c = 30. Suppose 4*r - 54 = c. What is the remainder when r is divided by 8?
5
Suppose 2*t + 0*t = 62. Let u = 12 + t. Let h(a) = a**3 + 4*a**2 - 3*a - 3. Calculate the remainder when u is divided by h(-3).
13
Let r be 6/(-9)*3*-5. Suppose r = 2*j, -j = 5*b - 3*b - 23. Calculate the remainder when 34 is divided by b.
7
Let f(y) = -y**3 - 15*y**2 - 4*y - 9. What is the remainder when f(-15) is divided by 27?
24
Suppose 9*g = 17*g - 96. Calculate the remainder when 105 is divided by g.
9
Suppose -20*g + 15*g = -335. Calculate the remainder when g is divided by 7.
4
Let v(l) = 12 + 13 - 2*l + 3*l + l**2. Calculate the remainder when v(0) is divided by 9.
7
Suppose 4 = 2*j - 2*y, 2 = -4*j + 5*j - 4*y. What is the remainder when 9/(-6) + 27/j is divided by 5?
2
Suppose -z + 3*d = -d - 37, -z + 27 = -2*d. Calculate the remainder when 66 is divided by z.
15
Calculate the remainder when 34 is divided by 1 - 3 - (2 + -1 + -21).
16
Suppose -2*a = -49 - 83. Calculate the remainder when a is divided by 14.
10
Suppose 3*y - 45 = 5*o - 11, 2*y + 2*o = 44. What is the remainder when 28 is divided by y?
10
Let k(s) = s**3 - s + 47. Let y be k(0). Suppose -5*v + 122 = y. What is the remainder when 29 is divided by v?
14
What is the remainder when 73 is divided by 13 + 7 + -10 + 5?
13
Suppose -2*c + 2*r + 36 = c, -3*c = -5*r - 36. Let g be (-3 + -2)*(-8)/(-5). Let v = g + c. Calculate the remainder when 10 is divided by v.
2
Suppose -4*i = -3*i + 10. Calculate the remainder when 43 is divided by (i - 0)*6/(-4).
13
Let m = -50 + 98. Calculate the remainder when m is divided by 17.
14
Let s be (162/63)/(3/14). What is the remainder when 141/s - 2/(-8) is divided by 7?
5
Suppose -3*t + 0*w + 32 = -2*w, -2*w = t - 8. Calculate the remainder when 48 is divided by t.
8
Let x(z) = 4*z - 4. Let w(d) = d - 1. Let m be w(6). Calculate the remainder when (1 - m)*14/(-4) is divided by x(3).
6
Let z(u) = -u + 5. What is the remainder when 26 is divided by z(-2)?
5
Let u(j) = 10*j - 1. What is the remainder when u(4) is divided by 14?
11
Let i(q) = 12*q - 3. Let j be (0 - 1)/(-5 + 4). Suppose j + 5 = 2*n. Calculate the remainder when i(n) is divided by 18.
15
Suppose 0 = u + 5*y - 18, -1 + 13 = u + 3*y. Suppose 0 - 18 = -i - a, -49 = -u*i - 2*a. Calculate the remainder when 25 is divided by i.
12
Suppose 4*t - 64 - 96 = 0. Suppose -5*a - 12 + 2 = 0. What is the remainder when t is divided by 29/2 - (-1)/a?
12
Let c(m) = -m**3 + 13*m**2 + 14*m + 5. Calculate the remainder when c(14) is divided by 3.
2
Suppose -r + 3*r - 14 = 0. Suppose 4 = 3*v - 2. Let g(n) = 11*n - 2. What is the remainder when g(v) is divided by r?
6
Suppose -9*v = -13*v + 68. Calculate the remainder when v is divided by 12.
5
Suppose 0 = 4*d - 4*a + 12, 5*a - 7 - 28 = -5*d. Suppose 2 = 4*q + 3*t - 1, 0 = 5*t + 15. Calculat